{"id":663,"date":"2014-03-29T12:22:11","date_gmt":"2014-03-29T11:22:11","guid":{"rendered":"http:\/\/studieren-ohne-grenzen.org\/wordpress\/?page_id=663"},"modified":"2021-08-19T12:02:53","modified_gmt":"2021-08-19T10:02:53","slug":"hintergrund","status":"publish","type":"page","link":"https:\/\/old.studieren-ohne-grenzen.org\/fr\/projekte\/afghanistan\/hintergrund\/","title":{"rendered":"Le Contexte"},"content":{"rendered":"<p><\/p>\n<h3>Le contexte<\/h3>\n<p>Les m\u00e9dias allemands parlent beaucoup de l&rsquo;Afghanistan; en particulier, la participation des soldates et soldats allemandes \u00e0 la mission FIAS qui \u00e9tait mis en place en 2001 et a dur\u00e9e jusqu\u2019\u00e0 2014. Malheureusement, on parle rarement des probl\u00e8mes li\u00e9s aux possibilit\u00e9s d&rsquo;\u00e9ducation et \u00e0 l&rsquo;acc\u00e8s \u00e0 une formation dans ce pays marqu\u00e9 par la guerre. L&rsquo;Afghanistan est un pays tr\u00e8s jeune, presque la moiti\u00e9 de la population est \u00e2g\u00e9es de 15 ans ou moins. Cela montre que des bonnes conditions d&rsquo;\u00e9ducation sont importantes pour l&rsquo;Afghanistan, car ce seront ces jeunes gens qui formeront leur pays dans quelques ann\u00e9es. Pour y r\u00e9ussir, des formations solides et professionnelles sont indispensable.<\/p>\n<ul class='gdl-toggle-box'>\n<li class=''>\n<h2 class='toggle-box-title'><span class='toggle-box-icon'><\/span>Apprendrez plus sur le contexte de l&rsquo;Afghanistan<\/h2>\n<div class='toggle-box-content'>\n<h4>La situation \u00e9ducative<\/h4>\n<p>Actuellement, la situation d&rsquo;\u00e9ducation en Afghanistan est tr\u00e8s mauvaise: le taux d&rsquo;analphab\u00e9tisme est, avec environ 70 pour cent, tr\u00e8s \u00e9lev\u00e9 dans la comparaison internationale. C&rsquo;est tr\u00e8s surprenant, surtout en regardant l&rsquo;histoire de la politique d&rsquo;\u00e9ducation en Afghanistan. En 1904, la premi\u00e8re \u00e9cole publique d&rsquo;apr\u00e8s le mod\u00e8le occidental ouvrait ses portes. En 1932, la premi\u00e8re universit\u00e9 \u00e9tait fond\u00e9e \u00e0 Kaboul. En particulier dans les plus grandes villes de l&rsquo;Afghanistan, comme Kaboul et Herat, l&rsquo;enseignement atteignait son sommet provisoire \u00e0 la fin des ann\u00e9es soixante avec la fondation de nombreuses \u00e9coles et avec la participation aux cours \u00e9gale entre femmes et hommes. Avec la chute du roi Zahir Schah en 1973, la proclamation de la r\u00e9publique, le d\u00e9but de la guerre civile et l&rsquo;invasion russe en 1979, beaucoup d&rsquo;intellectuels s&rsquo;enfuyaient dans les pays voisins ou \u00e9taient morts pendant la guerre. Tant la destruction de l&rsquo;infrastructure que l&rsquo;\u00e9rosion de l&rsquo;\u00e9tat acc\u00e9l\u00e9raient le d\u00e9clin du syst\u00e8me \u00e9ducatif.<\/p>\n<p>Le syst\u00e8me \u00e9ducative russe, impos\u00e9 par les envahisseurs, lui aussi contribuait \u00e0 la d\u00e9croissance des inscriptions aux \u00e9coles et aux universit\u00e9s et contribuait ainsi \u00e0 \u00e9loigner les Afghanes de leur ancien potentiel \u00e9ducatif. Avec la prise de pouvoir des Taliban en 1996, la scolarisation des filles devenait ill\u00e9gale. D\u00e9sormais, l&rsquo;\u00e9ducation \u00e9tait principalement prise en charge par des \u00e9coles de coran, les soi-disant madrasas, et se limitait \u00e0 l&rsquo;apprentissage du coran et des connaissances de base d&rsquo;\u00e9criture, de lecture et de calcul. Depuis la chute du r\u00e9gime taliban en 2011, la situation \u00e9ducative s&rsquo;am\u00e9liorait de fa\u00e7on substantielle. Actuellement, environ 7 millions d&rsquo;\u00e9l\u00e8ves sont inscrits aux \u00e9coles afghanes, dont 37% sont des filles.<\/p>\n<h4>Un \u00e9tat multiethnique<\/h4>\n<p>L&rsquo;Afghanistan est un \u00e9tat multiethnique et polyglotte. Environ 49 diff\u00e9rentes langues sont parl\u00e9es. Les deux grandes langues nationales, le dari et le pachtou, sont reconnues comme langues officielles. Les Pachtounes sont le plus grand groupe ethnique en Afghanistan et font environ 42% de la population, suivi des Tadjiks qui pr\u00e9sentent 27% de la population. Il y a d&rsquo;autres grands groupes ethniques comme par exemple l&rsquo;Aimaken, les Turkm\u00e8nes, les Hazara, les Ouzbeks et aussi le peuple nomade des Kuchi. Cette diversit\u00e9 ethnique vient aussi du fait que les fronti\u00e8res ont \u00e9t\u00e9s cr\u00e9\u00e9s de mani\u00e8re arbitraire pendant la colonisation anglais. La ligne de Durand entre l&rsquo;Afghanistan et le Pakistan, par exemple, divise le territoire des Pachtounes en deux.<\/p>\n<h4>La soci\u00e9t\u00e9<\/h4>\n<p>L&rsquo;absence d&rsquo;une \u00e9lite intellectuelle et une bourgeoisie peu existante entra\u00eenent des p\u00e9nuries d&rsquo;experts qualifi\u00e9s en Afghanistan. Mais la croissance \u00e9conomique et une am\u00e9lioration consid\u00e9rable de la situation des gens peuvent seulement r\u00e9ussir avec des structures bien d\u00e9velopp\u00e9es et efficaces, et avec des entreprises prosp\u00e8res. C&rsquo;est la raison pour laquelle nous voulons encourager et favoriser les cr\u00e9ateurs de demain pour faciliter la prosp\u00e9rit\u00e9 durable.<\/p>\n<\/div>\n<\/li>\n<\/ul>\n<p><\/p>","protected":false},"excerpt":{"rendered":"<p>Le contexte Les m\u00e9dias allemands parlent beaucoup de l&rsquo;Afghanistan; en particulier, la participation des soldates et soldats allemandes \u00e0 la mission FIAS qui \u00e9tait mis en place en 2001 et a dur\u00e9e jusqu\u2019\u00e0 2014. Malheureusement, on parle rarement des probl\u00e8mes li\u00e9s aux possibilit\u00e9s d&rsquo;\u00e9ducation et \u00e0 l&rsquo;acc\u00e8s \u00e0 une formation dans ce pays marqu\u00e9 par la guerre. L&rsquo;Afghanistan est un pays tr\u00e8s jeune, presque la moiti\u00e9 de la population est \u00e2g\u00e9es de 15 ans ou moins. Cela montre que des bonnes conditions d&rsquo;\u00e9ducation sont importantes pour l&rsquo;Afghanistan, car ce seront ces jeunes gens qui formeront leur pays dans quelques ann\u00e9es. Pour y r\u00e9ussir, des formations solides et professionnelles sont indispensable.<\/p>\n","protected":false},"author":24,"featured_media":0,"parent":184,"menu_order":0,"comment_status":"open","ping_status":"closed","template":"","meta":{"ngg_post_thumbnail":0},"_links":{"self":[{"href":"https:\/\/old.studieren-ohne-grenzen.org\/fr\/wp-json\/wp\/v2\/pages\/663"}],"collection":[{"href":"https:\/\/old.studieren-ohne-grenzen.org\/fr\/wp-json\/wp\/v2\/pages"}],"about":[{"href":"https:\/\/old.studieren-ohne-grenzen.org\/fr\/wp-json\/wp\/v2\/types\/page"}],"author":[{"embeddable":true,"href":"https:\/\/old.studieren-ohne-grenzen.org\/fr\/wp-json\/wp\/v2\/users\/24"}],"replies":[{"embeddable":true,"href":"https:\/\/old.studieren-ohne-grenzen.org\/fr\/wp-json\/wp\/v2\/comments?post=663"}],"version-history":[{"count":51,"href":"https:\/\/old.studieren-ohne-grenzen.org\/fr\/wp-json\/wp\/v2\/pages\/663\/revisions"}],"predecessor-version":[{"id":7665,"href":"https:\/\/old.studieren-ohne-grenzen.org\/fr\/wp-json\/wp\/v2\/pages\/663\/revisions\/7665"}],"up":[{"embeddable":true,"href":"https:\/\/old.studieren-ohne-grenzen.org\/fr\/wp-json\/wp\/v2\/pages\/184"}],"wp:attachment":[{"href":"https:\/\/old.studieren-ohne-grenzen.org\/fr\/wp-json\/wp\/v2\/media?parent=663"}],"curies":[{"name":"wp","href":"https:\/\/api.w.org\/{rel}","templated":true}]}}

<p></p>
<h3>Le contexte</h3>
<p>Les médias allemands parlent beaucoup de l&rsquo;Afghanistan; en particulier, la participation des soldates et soldats allemandes à la mission FIAS qui était mis en place en 2001 et a durée jusqu’à 2014. Malheureusement, on parle rarement des problèmes liés aux possibilités d&rsquo;éducation et à l&rsquo;accès à une formation dans ce pays marqué par la guerre. L&rsquo;Afghanistan est un pays très jeune, presque la moitié de la population est âgées de 15 ans ou moins. Cela montre que des bonnes conditions d&rsquo;éducation sont importantes pour l&rsquo;Afghanistan, car ce seront ces jeunes gens qui formeront leur pays dans quelques années. Pour y réussir, des formations solides et professionnelles sont indispensable.</p>
<ul class='gdl-toggle-box'>
<li class=''>
<h2 class='toggle-box-title'><span class='toggle-box-icon'></span>Apprendrez plus sur le contexte de l&rsquo;Afghanistan</h2>
<div class='toggle-box-content'>
<h4>La situation éducative</h4>
<p>Actuellement, la situation d&rsquo;éducation en Afghanistan est très mauvaise: le taux d&rsquo;analphabétisme est, avec environ 70 pour cent, très élevé dans la comparaison internationale. C&rsquo;est très surprenant, surtout en regardant l&rsquo;histoire de la politique d&rsquo;éducation en Afghanistan. En 1904, la première école publique d&rsquo;après le modèle occidental ouvrait ses portes. En 1932, la première université était fondée à Kaboul. En particulier dans les plus grandes villes de l&rsquo;Afghanistan, comme Kaboul et Herat, l&rsquo;enseignement atteignait son sommet provisoire à la fin des années soixante avec la fondation de nombreuses écoles et avec la participation aux cours égale entre femmes et hommes. Avec la chute du roi Zahir Schah en 1973, la proclamation de la république, le début de la guerre civile et l&rsquo;invasion russe en 1979, beaucoup d&rsquo;intellectuels s&rsquo;enfuyaient dans les pays voisins ou étaient morts pendant la guerre. Tant la destruction de l&rsquo;infrastructure que l&rsquo;érosion de l&rsquo;état accéléraient le déclin du système éducatif.</p>
<p>Le système éducative russe, imposé par les envahisseurs, lui aussi contribuait à la décroissance des inscriptions aux écoles et aux universités et contribuait ainsi à éloigner les Afghanes de leur ancien potentiel éducatif. Avec la prise de pouvoir des Taliban en 1996, la scolarisation des filles devenait illégale. Désormais, l&rsquo;éducation était principalement prise en charge par des écoles de coran, les soi-disant madrasas, et se limitait à l&rsquo;apprentissage du coran et des connaissances de base d&rsquo;écriture, de lecture et de calcul. Depuis la chute du régime taliban en 2011, la situation éducative s&rsquo;améliorait de façon substantielle. Actuellement, environ 7 millions d&rsquo;élèves sont inscrits aux écoles afghanes, dont 37% sont des filles.</p>
<h4>Un état multiethnique</h4>
<p>L&rsquo;Afghanistan est un état multiethnique et polyglotte. Environ 49 différentes langues sont parlées. Les deux grandes langues nationales, le dari et le pachtou, sont reconnues comme langues officielles. Les Pachtounes sont le plus grand groupe ethnique en Afghanistan et font environ 42% de la population, suivi des Tadjiks qui présentent 27% de la population. Il y a d&rsquo;autres grands groupes ethniques comme par exemple l&rsquo;Aimaken, les Turkmènes, les Hazara, les Ouzbeks et aussi le peuple nomade des Kuchi. Cette diversité ethnique vient aussi du fait que les frontières ont étés créés de manière arbitraire pendant la colonisation anglais. La ligne de Durand entre l&rsquo;Afghanistan et le Pakistan, par exemple, divise le territoire des Pachtounes en deux.</p>
<h4>La société</h4>
<p>L&rsquo;absence d&rsquo;une élite intellectuelle et une bourgeoisie peu existante entraînent des pénuries d&rsquo;experts qualifiés en Afghanistan. Mais la croissance économique et une amélioration considérable de la situation des gens peuvent seulement réussir avec des structures bien développées et efficaces, et avec des entreprises prospères. C&rsquo;est la raison pour laquelle nous voulons encourager et favoriser les créateurs de demain pour faciliter la prospérité durable.</p>
</div>
</li>
</ul>
<p></p>

<p>Le contexte Les médias allemands parlent beaucoup de l&rsquo;Afghanistan; en particulier, la participation des soldates et soldats allemandes à la mission FIAS qui était mis en place en 2001 et a durée jusqu’à 2014. Malheureusement, on parle rarement des problèmes liés aux possibilités d&rsquo;éducation et à l&rsquo;accès à une formation dans ce pays marqué par la guerre. L&rsquo;Afghanistan est un pays très jeune, presque la moitié de la population est âgées de 15 ans ou moins. Cela montre que des bonnes conditions d&rsquo;éducation sont importantes pour l&rsquo;Afghanistan, car ce seront ces jeunes gens qui formeront leur pays dans quelques années. Pour y réussir, des formations solides et professionnelles sont indispensable.</p>
